{"id":252,"date":"2022-06-22T17:14:15","date_gmt":"2022-06-22T20:14:15","guid":{"rendered":"https:\/\/corporatelog.com.br\/?page_id=252"},"modified":"2022-07-06T12:50:45","modified_gmt":"2022-07-06T15:50:45","slug":"transporte-de-cargas-quimicas-perigosas","status":"publish","type":"page","link":"https:\/\/corporatelog.com.br\/?page_id=252","title":{"rendered":"Transporte de Cargas Qu\u00edmicas Perigosas"},"content":{"rendered":"\t\t<div data-elementor-type=\"wp-page\" data-elementor-id=\"252\" class=\"elementor elementor-252\">\n\t\t\t\t\t\t<section class=\"elementor-section elementor-top-section elementor-element elementor-element-f2cbb9f elementor-section-content-middle elementor-section-stretched elementor-section-boxed elementor-section-height-default elementor-section-height-default\" data-id=\"f2cbb9f\" data-element_type=\"section\" data-settings=\"{&quot;background_background&quot;:&quot;classic&quot;,&quot;stretch_section&quot;:&quot;section-stretched&quot;}\">\n\t\t\t\t\t\t<div class=\"elementor-container elementor-column-gap-default\">\n\t\t\t\t\t<div class=\"elementor-column elementor-col-100 elementor-top-column elementor-element elementor-element-d4d0098\" data-id=\"d4d0098\" data-element_type=\"column\">\n\t\t\t<div class=\"elementor-widget-wrap elementor-element-populated\">\n\t\t\t\t\t\t<div class=\"elementor-element elementor-element-2e88381 elementor-widget elementor-widget-heading\" data-id=\"2e88381\" data-element_type=\"widget\" data-widget_type=\"heading.default\">\n\t\t\t\t<div class=\"elementor-widget-container\">\n\t\t\t\t\t<h2 class=\"elementor-heading-title elementor-size-default\">Transporte de Cargas Qu\u00edmicas Perigosas<\/h2>\t\t\t\t<\/div>\n\t\t\t\t<\/div>\n\t\t\t\t\t<\/div>\n\t\t<\/div>\n\t\t\t\t\t<\/div>\n\t\t<\/section>\n\t\t\t\t<section class=\"elementor-section elementor-top-section elementor-element elementor-element-48faeff elementor-section-boxed elementor-section-height-default elementor-section-height-default\" data-id=\"48faeff\" data-element_type=\"section\">\n\t\t\t\t\t\t<div class=\"elementor-container elementor-column-gap-default\">\n\t\t\t\t\t<div class=\"elementor-column elementor-col-66 elementor-top-column elementor-element elementor-element-b5c4f5e\" data-id=\"b5c4f5e\" data-element_type=\"column\">\n\t\t\t<div class=\"elementor-widget-wrap elementor-element-populated\">\n\t\t\t\t\t\t<div class=\"elementor-element elementor-element-ff60c25 elementor-widget elementor-widget-heading\" data-id=\"ff60c25\" data-element_type=\"widget\" data-widget_type=\"heading.default\">\n\t\t\t\t<div class=\"elementor-widget-container\">\n\t\t\t\t\t<h2 class=\"elementor-heading-title elementor-size-default\">A ESTRUTURA E CERTIFICA\u00c7\u00d5ES QUE SUA CARGA PRECISA<\/h2>\t\t\t\t<\/div>\n\t\t\t\t<\/div>\n\t\t\t\t<div class=\"elementor-element elementor-element-6e51fe3 elementor-widget elementor-widget-text-editor\" data-id=\"6e51fe3\" data-element_type=\"widget\" data-widget_type=\"text-editor.default\">\n\t\t\t\t<div class=\"elementor-widget-container\">\n\t\t\t\t\t\t\t\t\t<p>A Corporate Logistics \u00e9 homologada pelo Ex\u00e9rcito, Pol\u00edcia Federal e Pol\u00edcia Civil a transportar produtos qu\u00edmicos nos principais portos e aeroportos do Pa\u00eds, conhe\u00e7a nossos diferenciais. Possu\u00edmos a Certifica\u00e7\u00e3o SASSMAQ (Sistema de Avalia\u00e7\u00e3o de Seguran\u00e7a, Sa\u00fade, Meio ambiente e Qualidade) homologado pela ABIQUIM (Associa\u00e7\u00e3o Brasileira de Ind\u00fastria Qu\u00edmica)<\/p>\t\t\t\t\t\t\t\t<\/div>\n\t\t\t\t<\/div>\n\t\t\t\t<div class=\"elementor-element elementor-element-3e2fb9b elementor-widget elementor-widget-image\" data-id=\"3e2fb9b\" data-element_type=\"widget\" data-widget_type=\"image.default\">\n\t\t\t\t<div class=\"elementor-widget-container\">\n\t\t\t\t\t\t\t\t\t\t\t\t\t\t\t<img fetchpriority=\"high\" decoding=\"async\" width=\"800\" height=\"248\" src=\"https:\/\/corporatelog.com.br\/wp-content\/uploads\/2022\/01\/transportequimicos-simbolos.png\" class=\"attachment-large size-large wp-image-123\" alt=\"\" srcset=\"https:\/\/corporatelog.com.br\/wp-content\/uploads\/2022\/01\/transportequimicos-simbolos.png 807w, https:\/\/corporatelog.com.br\/wp-content\/uploads\/2022\/01\/transportequimicos-simbolos-300x93.png 300w, https:\/\/corporatelog.com.br\/wp-content\/uploads\/2022\/01\/transportequimicos-simbolos-768x238.png 768w\" sizes=\"(max-width: 800px) 100vw, 800px\" \/>\t\t\t\t\t\t\t\t\t\t\t\t\t\t\t<\/div>\n\t\t\t\t<\/div>\n\t\t\t\t\t<\/div>\n\t\t<\/div>\n\t\t\t\t<div class=\"elementor-column elementor-col-33 elementor-top-column elementor-element elementor-element-6960852\" data-id=\"6960852\" data-element_type=\"column\">\n\t\t\t<div class=\"elementor-widget-wrap elementor-element-populated\">\n\t\t\t\t\t\t<div class=\"elementor-element elementor-element-0b37c5a elementor-widget elementor-widget-image\" data-id=\"0b37c5a\" data-element_type=\"widget\" data-widget_type=\"image.default\">\n\t\t\t\t<div class=\"elementor-widget-container\">\n\t\t\t\t\t\t\t\t\t\t\t\t\t\t\t<img decoding=\"async\" width=\"800\" height=\"972\" src=\"https:\/\/corporatelog.com.br\/wp-content\/uploads\/2022\/06\/img-transp-cargaquimica-843x1024.jpg\" class=\"attachment-large size-large wp-image-255\" alt=\"\" srcset=\"https:\/\/corporatelog.com.br\/wp-content\/uploads\/2022\/06\/img-transp-cargaquimica-843x1024.jpg 843w, https:\/\/corporatelog.com.br\/wp-content\/uploads\/2022\/06\/img-transp-cargaquimica-247x300.jpg 247w, https:\/\/corporatelog.com.br\/wp-content\/uploads\/2022\/06\/img-transp-cargaquimica-768x932.jpg 768w, https:\/\/corporatelog.com.br\/wp-content\/uploads\/2022\/06\/img-transp-cargaquimica.jpg 1000w\" sizes=\"(max-width: 800px) 100vw, 800px\" \/>\t\t\t\t\t\t\t\t\t\t\t\t\t\t\t<\/div>\n\t\t\t\t<\/div>\n\t\t\t\t\t<\/div>\n\t\t<\/div>\n\t\t\t\t\t<\/div>\n\t\t<\/section>\n\t\t\t\t<\/div>\n\t\t","protected":false},"excerpt":{"rendered":"<p>Transporte de Cargas Qu\u00edmicas Perigosas A ESTRUTURA E CERTIFICA\u00c7\u00d5ES QUE SUA CARGA PRECISA A Corporate Logistics \u00e9 homologada pelo Ex\u00e9rcito, Pol\u00edcia Federal e Pol\u00edcia Civil a transportar produtos qu\u00edmicos nos principais portos e aeroportos do Pa\u00eds, conhe\u00e7a nossos diferenciais. Possu\u00edmos a Certifica\u00e7\u00e3o SASSMAQ (Sistema de Avalia\u00e7\u00e3o de Seguran\u00e7a, Sa\u00fade, Meio ambiente e Qualidade) homologado pela [&hellip;]<\/p>\n","protected":false},"author":1,"featured_media":0,"parent":0,"menu_order":0,"comment_status":"closed","ping_status":"closed","template":"","meta":{"footnotes":""},"class_list":["post-252","page","type-page","status-publish","hentry"],"_links":{"self":[{"href":"https:\/\/corporatelog.com.br\/index.php?rest_route=\/wp\/v2\/pages\/252","targetHints":{"allow":["GET"]}}],"collection":[{"href":"https:\/\/corporatelog.com.br\/index.php?rest_route=\/wp\/v2\/pages"}],"about":[{"href":"https:\/\/corporatelog.com.br\/index.php?rest_route=\/wp\/v2\/types\/page"}],"author":[{"embeddable":true,"href":"https:\/\/corporatelog.com.br\/index.php?rest_route=\/wp\/v2\/users\/1"}],"replies":[{"embeddable":true,"href":"https:\/\/corporatelog.com.br\/index.php?rest_route=%2Fwp%2Fv2%2Fcomments&post=252"}],"version-history":[{"count":10,"href":"https:\/\/corporatelog.com.br\/index.php?rest_route=\/wp\/v2\/pages\/252\/revisions"}],"predecessor-version":[{"id":338,"href":"https:\/\/corporatelog.com.br\/index.php?rest_route=\/wp\/v2\/pages\/252\/revisions\/338"}],"wp:attachment":[{"href":"https:\/\/corporatelog.com.br\/index.php?rest_route=%2Fwp%2Fv2%2Fmedia&parent=252"}],"curies":[{"name":"wp","href":"https:\/\/api.w.org\/{rel}","templated":true}]}}